*q, -g*t + 63 = -5*q. Calculate the remainder when 46 is divided by t.
14
Let k = -6695 - -6711. Let j = 9 - 4. What is the remainder when k is divided by j?
1
Calculate the remainder when -7 + 1 - (153 - 14708) is divided by 25.
24
Let r = -1580 + 1649. What is the remainder when 4731/18 - 4/(-24) is divided by r?
56
Let g(u) = -2*u**3 - 3*u**2 + 2*u - 1. Calculate the remainder when (-111)/(-1) - 43 - -1*8 is divided by g(-3).
16
Let j = -624 + 306. Let n = 427 + j. Calculate the remainder when n is divided by 35.
4
Let f be ((-171)/(-18))/(0 - 1/(-44)). Suppose -f + 1336 = 27*x. What is the remainder when 61 is divided by x?
27
Suppose -g - 2*m = 2, -2*m = 4*g - 4*m - 32. Let r be (0 + 1)*2 + 3 + -3. What is the remainder when 57 - (r + 0 - -2) is divided by g?
5
Let u = 39021 - 38988. What is the remainder when 1603 is divided by u?
19
Suppose 2*f + 5*k = 12309, 2*k + 7462 = f + 1276. What is the remainder when f is divided by 6?
4
Let s be 1*40 + 8/(-8). Let m = 41 - s. Calculate the remainder when 302/8 + m/8 is divided by 10.
8
Let u be (-108)/(-8)*4/6. What is the remainder when 53 is divided by ((-16)/16)/(3 + (-28)/u)?
8
What is the remainder when 10606 is divided by 64*((-28)/(-98))/((-24)/(-21))?
14
Suppose -z = 3*g - 32 - 7, 2*z + 5*g = 74. What is the remainder when 206 is divided by z?
17
Suppose -7*g = 2*g + 342. Let z = 12 - g. Let o = 86 - 59. What is the remainder when z is divided by o?
23
Calculate the remainder when 2875 is divided by 8/((-5)/(-5)) - (-6 + -31).
40
Suppose -4*q = 3*z - 57 - 6, 3*q - 70 = -4*z. What is the remainder when z is divided by 12?
1
Let j(o) = 3119*o - 15576. Suppose -204 = 2*c + 78. Calculate the remainder when ((-4)/3 + 1)*c is divided by j(5).
9
Let y(f) = -f**3 - 13*f**2 - 27*f - 26. Let k be 12 + 3 + -3 + -2. Calculate the remainder when y(-11) is divided by 50/4 + (-15)/k.
7
Suppose m - 2*w = -2, -2*m - 3*w + 4 = -3*m. Let p be (294/24)/(m/24). Suppose -5*j + 772 - p = 0. Calculate the remainder when j is divided by 32.
29
Suppose 4*v + 29 = 41. Suppose 4*n - 3*n + 2*k - 52 = 0, v*n - 136 = 4*k. What is the remainder when 66 is divided by n?
18
Suppose 15*f = 15 - 1470. Calculate the remainder when (-25)/15 + (-2)/6 - f is divided by 25.
20
Let v(k) = -10*k**2 + 10*k - 38. Let u(l) = 3*l**2 - 3*l + 13. Let q(b) = -17*u(b) - 6*v(b). Calculate the remainder when q(-5) is divided by 56.
53
Calculate the remainder when (5 - 5) + 90571/10 + (-59)/590 is divided by 41.
37
Let c(v) = -v**2 - 7*v + 9. Let g(x) = -2*x**2 - 46*x + 42. Let m be g(-24). Calculate the remainder when 133 is divided by c(m).
13
Let w(x) be the first derivative of x**2/2 + 26*x + 170. What is the remainder when 169 is divided by w(31)?
55
Let s(m) = -34*m**3 + 5*m**2 + 18*m + 35. Suppose q - 69 = -h, 3*q = 3*h - 7*h + 281. What is the remainder when s(-2) is divided by h?
69
Let y(i) = 113*i**3 + i**2 - 8*i + 8. What is the remainder when y(4) is divided by 26?
22
Suppose -1404 = -16*i - 188. Calculate the remainder when i is divided by 26.
24
What is the remainder when 62/217 + (3566/14 - 1) is divided by 37?
32
Suppose 4*k + 121 = 4*r - 283, -2*k = 2*r - 182. What is the remainder when 441 is divided by r?
57
Let o(b) = -11*b**3 - 5*b**2 + 10*b + 8. Let u be o(-5). Suppose 3*l - 900 = 4*y + y, 4*l - 4*y = u. What is the remainder when l is divided by 14?
11
Let i = 17 - -5. Suppose 0 = 2*o - 0 - i. Calculate the remainder when o is divided by (-690)/(-92) - (-2)/(-4).
4
Suppose -3*z = 2*v - 26, 3*z + 2*z = 2*v - 58. What is the remainder when 1041 is divided by v?
15
Let g(d) = 34*d - 7*d + 37 - 2*d - 2*d + 14*d. Calculate the remainder when g(2) is divided by 56.
55
Let c(z) = 99*z**2 - 117*z + 226. Calculate the remainder when c(2) is divided by 119.
31
Suppose 96 = 4*c - 2*b, 20 = -2*b + 7*b. Let x = c - 38. Calculate the remainder when 36 is divided by (2/(-3))/(8/x) + 12.
10
Suppose 165*k - 45*k = -185*k + 7015. Calculate the remainder when 9427 is divided by k.
20
Calculate the remainder when (-6149)/(-91) - 3/(-7) is divided by (-278)/(-10) - 3/(-15).
12
Let i(q) = -20*q**2. Let g be i(-1). Let f = -1041 + 1014. Let s = g - f. Calculate the remainder when s is divided by 3.
1
Let i = -1632 - -1824. What is the remainder when i is divided by 39?
36
Suppose -32*o + 23*o + 1782 = 0. Suppose -y + 9 + 20 = 0. What is the remainder when o is divided by y?
24
Let d = 23 + -9. Let w = 222 - 156. Suppose 4*z + b - 166 = -w, -4*z + 96 = 2*b. What is the remainder when z is divided by d?
12
Let n(s) = -s**2 + 17*s + 5. Suppose -14*f + 17*f - 51 = 0. Let a be n(f). Calculate the remainder when (((-84)/a)/(-1))/((-26)/(-260)) is divided by 34.
32
Let h(r) = -50*r**2 - r + 100*r**2 - 4 - 51*r**2. Let x be h(-4). Calculate the remainder when x/(-6)*-78*5/(-40) is divided by 15.
11
Suppose -4*f + 8 = 2*c, -c - 2*f = 2*f - 8. Suppose h + 14 = 3*h + 5*o, 2*h + o - 22 = c. Calculate the remainder when 15 is divided by h.
3
What is the remainder when 24/36*((-1006)/(-2) - -1) is divided by 84?
0
Suppose 538*n = 537*n + 20. What is the remainder when 438 is divided by n?
18
Let h(i) = i**2 - 63*i - 168. Calculate the remainder when h(70) is divided by 61.
17
Let s be (-54)/3*(-7 + (-2)/(-2)). Let f = -34 - -80. Calculate the remainder when f is divided by 12/10*1440/s.
14
Suppose -76*q = -19*q - 3296 - 2689. What is the remainder when q is divided by 29?
18
Let p = -181 + 224. Suppose -4*z = -33 - p. Suppose 31 = 5*j + 11. Calculate the remainder when z is divided by j.
3
Suppose -3006 - 12386 = -165*a - 377. Calculate the remainder when 523 is divided by a.
68
Let p be ((-2)/(-5) - 129/(-215))*7. Suppose -18 = p*h - 172. Calculate the remainder when 194 is divided by h.
18
Let t(z) = z**3 + 13*z**2 + z + 13. Let c be t(-13). Suppose -j + 7*j - 84 = c. Suppose -3*s + j = -1. Calculate the remainder when 13 is divided by s.
3
Let z = 31656 + -31643. What is the remainder when 744 is divided by z?
3
Let g(o) = -3*o - 16. What is the remainder when ((-64)/8 + 1)*-12 is divided by g(-12)?
4
Let o be (3/(-4))/(6/(-24)). Suppose a = -0 + o. Suppose -3*g + a*b + 42 = 0, 2*g + g + 4*b - 28 = 0. Calculate the remainder when g is divided by 3.
0
Let i(v) = -9*v**2 - 228*v - 21. Suppose -t - 11 = -5*f - 73, 4*f = -12. Suppose 5*u = 98 + t. Calculate the remainder when i(-25) is divided by u.
25
Let x(s) = -2*s**2 + 93*s + 147. What is the remainder when x(37) is divided by 6?
4
Let f = 1084 + -1063. Let y(x) = 26*x**2 - 2*x + 2. What is the remainder when y(2) is divided by f?
18
Suppose -p + 107 = -16. What is the remainder when 270 is divided by p?
24
Suppose -5*k - 191 = -576. Suppose k*w = 74*w + 573. What is the remainder when w is divided by 51?
38
Suppose 29899*p = 29902*p - 6858. Calculate the remainder when p is divided by 1142.
2
Suppose -2*n - 15 = -5*n, -4*n = -2*l - 10. What is the remainder when 51 is divided by l?
1
Let p(v) = v**2 + 15*v + 71. Suppose 27*t + 211 = -32. Suppose -5*c - 177 = -4*y, 2*y + 2*c - 99 = c. Calculate the remainder when y is divided by p(t).
14
Suppose -7*d + 644 + 339 = 45. What is the remainder when d is divided by 17?
15
Let m = 41 + 16. Let z(w) = -w**2 + 12*w + 1. What is the remainder when m is divided by z(10)?
15
Suppose 5*l = -d - 3 + 18, -7 = -3*l - d. Suppose l*x = -f - 79 + 218, 0 = 3*x + f - 104. What is the remainder when 158 is divided by x?
18
Suppose r + 36 = g, 3*g + 3*r + r - 136 = 0. Let f = g - 39. Let i = f + 57. What is the remainder when i is divided by 16?
10
Let x(i) = 4*i + 8. Let l be x(9). Suppose -4*r = -144 - l. Calculate the remainder when r is divided by 15 + 5/(-2 - -7).
15
Let x(c) = -1090*c + 6554. What is the remainder when 66 is divided by x(6)?
10
Suppose d - 5*d = 4. Let l(y) = -2*y**3 + y**2 - y - 2. Let r be l(d). Suppose r*k + 6 - 64 = 0. What is the remainder when k is divided by 12?
5
Let f be (-290)/(-4) + (-1)/2. Suppose -j + 304 = 5*z, z + j + 8 = f. Calculate the remainder when 597 is divided by z.
57
Suppose 5*v - 83 + 103 = 0, 2*y - 78 = v. What is the remainder when 1663 is divided by y?
35
Suppose 3*f - 1262 = -4*m, 2*m = 3*f + 5*m - 1260. Calculate the remainder when f is divided by 388.
30
Let v = 33 + -30. Suppose -d + 2*c = -2, 15 - 12 = v*c. Le